+ z + 3 = 0. Suppose -m + 20 = 5*q, -2*m + j*q = -5*m + 47. List the prime factors of m.
3, 5
Let h(t) = t**2 + t - 4. Let l be h(-3). Suppose -4*o = -6 - l. Suppose 32 + 34 = o*i. List the prime factors of i.
3, 11
Let o = -146 + 246. Suppose o - 46 = h. What are the prime factors of h?
2, 3
Let g(t) = 39*t**2 - 46*t - 37. What are the prime factors of g(10)?
41, 83
Suppose -s - 2*s = -5*w, -2*w - 3*s = 0. Suppose -8*t + 346 + 358 = 0. Suppose 4*c - o - t = w, -3*c + 35 = -3*o - 22. List the prime factors of c.
23
Let a(c) = 6*c + 6. Let h be -1 + ((-3)/(-2) - 3/6). List the prime factors of a(h).
2, 3
Let o(t) = 3 + 11*t - 20*t - 11 - t**2. Suppose 5*f + 34 = 4*s, s - 2*s - 23 = 4*f. What are the prime factors of o(f)?
2, 5
Let z = -15 - -38. Let g = z + 19. What are the prime factors of g?
2, 3, 7
Let k = 0 - 27. Let w = k + 37. List the prime factors of w.
2, 5
Suppose 0 = -5*m + 27 - 2. Suppose -5*u = 2*x - 338, -u - 2*x + 60 = -14. Suppose 2*b = 4*o + u, -2*b + 21 = -0*b + m*o. List the prime factors of b.
23
Let q(s) be the second derivative of -6*s - 5/6*s**4 + 1/3*s**3 + 0 + 1/20*s**5 + 9/2*s**2. What are the prime factors of q(10)?
29
Let r(b) = 14*b**3 - 2*b**2 + 13*b. List the prime factors of r(3).
3, 7, 19
Suppose 0 = 5*g - 2*i - 25, 0 = -3*i - 4 - 11. Suppose -2*w - 55 = -g*x, -3*w - 75 = -3*x - 0*x. Let p = w + 35. What are the prime factors of p?
3, 5
Let b(k) = k**2 - 2*k + 1. Suppose y - 2 = -0. Suppose -5*w + 24 = y*t, -3*w = -w - 4. What are the prime factors of b(t)?
2, 3
Suppose 16 = 3*a - 2*q, -6 = 8*q - 5*q. List the prime factors of a.
2
Let k be -3 + 10 + -3 + 90. List the prime factors of (-2)/(-10) + k/5.
19
Suppose -2*v = -t - 18, 7 = 4*t + 3*v + 46. Let l(g) = g + 15. Let k be l(t). What are the prime factors of (-2)/k + 70/6?
11
Let c(u) = 36 - 38 - 5*u - u. Let j be c(-10). Suppose -2*w + j + 20 = 0. What are the prime factors of w?
3, 13
Let z(q) = q**3 - 8*q**2 + 2*q - 10. Suppose 4*r - 52 = -4*i, -5*r + 21 = -3*i - 4. List the prime factors of z(r).
2, 3
Let i(d) = d**2 - 2*d - 2. Suppose p = 4*p - 18. Let w be ((-2)/4)/(p/(-60)). What are the prime factors of i(w)?
13
Suppose 32*r - 319 = -4863. Suppose 4*h + 3*a = 3*h - 84, -h + 4*a = 49. Let u = h - r. List the prime factors of u.
73
Suppose 4*s - t - 20 = 0, -5*s - 2*t - t = -8. Suppose -180 = -8*z + s*z. What are the prime factors of z?
3, 5
Suppose -4*d - 3*n + 637 = 0, 0*n - 3*n = 3*d - 477. What are the prime factors of 3/3*d/2?
2, 5
Let c = 13 - 10. Suppose -83 + c = -5*b. Suppose 2*i = b - 2. What are the prime factors of i?
7
Suppose -5*a - 104 - 26 = 0. Let h(w) = w**2 + 2*w + 1. Let c be h(-2). What are the prime factors of (-3 - a)*(2 - c)?
23
Suppose -j + 14*h - 16*h = -2613, 3*h = -2*j + 5225. What are the prime factors of j?
7, 373
Suppose m = -5*c + 503, c + 1569 = 3*m - 4*c. List the prime factors of m.
2, 7, 37
Let h = 402 - 76. List the prime factors of h.
2, 163
Suppose 0 = -3*i + 5*u + 98 - 296, -4*u + 134 = -2*i. Let v be (1/(-2))/(2/148). Let p = v - i. List the prime factors of p.
2, 3
Let c(y) = 3*y**3 - y**2 + 10*y + 8. Let r be c(-3). Let f = r - -295. What are the prime factors of f?
3, 61
Let c(g) = 10*g**2 - 9*g. What are the prime factors of c(-6)?
2, 3, 23
Let o be (-12)/(-15)*(-15)/(-6). Let s be ((-45)/12)/(o/(-16)). What are the prime factors of (-5)/2*s/(-25)?
3
Let l = -44 - -29. What are the prime factors of (36/l)/(-3 + 39/15)?
2, 3
Suppose r = -t + 878, 1725 = 2*r + 4*t - 31. List the prime factors of r.
2, 439
Suppose 3*a + 31 - 7 = 0. Let u(v) = -4*v - 19. List the prime factors of u(a).
13
Let y(b) = -b**2 - 25*b - 29. Let h be 3/(((-2)/(-3))/((-10)/5)). What are the prime factors of y(h)?
5, 23
Let c = 329 - -642. What are the prime factors of c?
971
Let s be 36/15 - -1*4/(-10). Suppose j + 118 = s*j. What are the prime factors of j?
2, 59
Let v = -426 - -924. Suppose -c - v = -5*j, 4*c - 408 = -2*j - 2*j. Suppose -j = -3*w - w + 2*x, -2*x + 107 = 5*w. What are the prime factors of w?
23
Suppose 20 = 9*b - 5*b. Suppose b*g - 13 = 42. What are the prime factors of 3*27 - (g + -10)?
2, 5
Let l be (3/12)/(2/24). Suppose 5*f = l*y + 23, 3*f = -f + 4. Let d = 23 - y. What are the prime factors of d?
29
Let q = -15 - 0. Let u be q/5*(2 - 0). Let i = 17 + u. List the prime factors of i.
11
Let n be (-6)/9*6 - -4. What are the prime factors of (3/(-9) + n)*-195?
5, 13
List the prime factors of 385 - 13/(156/(-60)).
2, 3, 5, 13
Suppose 5*k + 0*f - 229 = 3*f, 190 = 4*k + f. Let n = k - 77. Let m = 44 + n. What are the prime factors of m?
2, 7
Suppose 2*d - 7*d = 0. What are the prime factors of 4*6*1 - d?
2, 3
Let q(l) = 20*l**3 - 50*l**2 + 29*l - 8. Let j(c) = 7*c**3 - 17*c**2 + 10*c - 3. Let i(w) = -17*j(w) + 6*q(w). What are the prime factors of i(11)?
47
Suppose -4*a - 519 = -79. Let f = a - -344. What are the prime factors of f?
2, 3, 13
Suppose 10 = -4*p - 6. Let z(a) = 2*a - 5. Let y be z(4). Let i = y - p. List the prime factors of i.
7
Suppose 1512 = 13*r - 11*r. List the prime factors of r.
2, 3, 7
Suppose 2*w + 0*w + 4*y - 12 = 0, -w - 15 = -5*y. Suppose 9*d + w*d = 297. What are the prime factors of d?
3, 11
Let i be ((-5)/(-2))/(1/22). Suppose 3*p - 58 = -s - 2*p, i = s + 4*p. List the prime factors of s.
43
Let j(p) = -p**3 - p**2 - 6*p + 18. Let k be j(-5). Let c = 36 + k. What are the prime factors of c?
2, 23
Let w be ((-10)/(-35))/((-1)/(-7)). Let h(m) = -m. Let c(b) = b**2 - b. Let q(a) = w*c(a) - 6*h(a). List the prime factors of q(-6).
2, 3
Suppose -14 = -4*b + 3*i, -2*b + 5*i = b - 16. Suppose -5*a - 160 = -b*s, a - s = -a - 63. List the prime factors of 3/((-3)/a) - 0.
2, 17
Suppose 0 = -10*k - 22 - 28. List the prime factors of (66/8)/((15/k)/(-24)).
2, 3, 11
Suppose 0 = -a - 5, 62 - 13 = 2*d - 5*a. Suppose d = 4*o - 132. What are the prime factors of o?
2, 3
Let a = -11 - -15. Suppose a*g = 16 + 68. Suppose 2*x + 95 = 3*m, -4*m + 5*x - g = -157. What are the prime factors of m?
29
Let v(t) = -t**2 - 18*t + 8. Let j be v(-17). Let s = 25 - j. Suppose 0 = -3*o - s*o + 105. List the prime factors of o.
5, 7
Let t be ((-3 + 4)*-3)/(-9)*6. Suppose 0 = t*l - 5*l + 621. List the prime factors of l.
3, 23
Suppose 26261 = 11*l + 1324. What are the prime factors of l?
2267
What are the prime factors of 1/((-2)/(-48376))*110/440?
6047
Let r(g) = g**3 + 6*g**2 - 6*g + 4. Let h be (0 - -1)/((-9)/45). List the prime factors of r(h).
59
Let q be -7*(117/4)/(42/16). Let x = q - -118. What are the prime factors of x?
2, 5
Let b be (-30)/(-4) + 4/(-8). Let q(j) = j**3 - 6*j**2 - 3*j + 10. What are the prime factors of q(b)?
2, 19
Suppose 2*q - 1507 = 3*r, -9*r + 5*r + 4 = 0. List the prime factors of q.
5, 151
Let j = -86 - -103. Suppose j + 295 = 4*t. What are the prime factors of t?
2, 3, 13
Let c = -20 + 20. Suppose c = -6*n + 10*n - 252. What are the prime factors of n?
3, 7
Suppose 0 = 2*i + 4, -8*o + 4*i = -6*o - 1470. What are the prime factors of o?
17, 43
Let v(a) = -206*a + 2. Let z be v(-2). Suppose 8*m - 42 = z. What are the prime factors of m?
3, 19
Let q(y) = y**2 + y - 4. Let v be q(4). Let b = v + 42. What are the prime factors of b?
2, 29
Suppose x + q + 4*q + 2 = 0, 2*x + 3*q = 24. Suppose -4*i + x = -2*z, 2*i - z - 14 = -5*z. Suppose -i*w - 1 + 26 = 0. What are the prime factors of w?
5
Let n = 2619 - -2059. What are the prime factors of n?
2, 2339
Let x = 745 + -87. List the prime factors of x.
2, 7, 47
Suppose -5 = -4*q + 3*q. Suppose -q*c - 51 + 161 = 0. List the prime factors of c.
2, 11
List the prime factors of 51912/180 + 4/(-10).
2, 3
Let b = 94 + -17. Let r be (1 + -6)*8/(-20). Suppose -5*h - r*g = -b, -5*h + 52 = 4*g - 17. What are the prime factors of h?
17
What are the prime factors of (39 - 517)*(2 + -4)/1?
2, 239
Let r = -44 + 43. Let l = -1 - 2. Let m = r - l. List the prime factors of m.
2
Let n = -7 + -2. Let o = -2 - n. Suppose 2*z - 1 = o. List the prime factors of z.
2
What are the prime factors of 95 - (-3 + 0 + -2)?
2, 5
Let j(n) = -n**2 + 5*n - 3. Let w = -34 - -37. Let i be j(w). List the prime factors of 8 + -9 + i/1.
2
Suppose -4476 + 812 = -4*x + 3*o, 5*o - 3632 = -4*x. What are the prime factors of x?
11, 83
Let t(v) = -v**3 - 64*v**2 - 142*v - 188. List the prime 